pose -3*a - 7 - 53 = -3*f, -2 = -f - 5*a. Let t be 1 + 0 - (f + -4). Let y be (2 - t/(-3)) + 2. Let b(s) = -s**2 - s + 3. Give b(y).
3
Suppose -5*k + 4*w + 1 = 0, -4*w - 9 = 4*k + 19. Suppose 3 = 2*m - m. Let c(q) = -q**2 - 5*q + 2*q - q - m. What is c(k)?
0
Suppose 6*m - m - 30 = 0. Let x(a) = -2*a + 7. What is x(m)?
-5
Suppose 3*v + 4 = 3*o - v, 3*v = 3*o. Let f = 10 + o. Let j(h) = h**2 - 7*h - 2. Calculate j(f).
-8
Let j = 46 - 47. Let b(u) = -10*u. Give b(j).
10
Let d(y) = y**2 - 8*y - 3. Suppose 0 = -6*q - 101 + 155. Calculate d(q).
6
Suppose -4*z = -2*r - 8 - 28, 0 = 3*z - 5*r - 27. Let l(j) = z + 2*j - 2*j - j + 4*j. Let b(v) = -v - 4. Let o(f) = 7*b(f) + 3*l(f). What is o(3)?
5
Let p(a) = -a**2 - 7*a + 6. Let d(x) = 3*x**2 + 20*x - 17. Let w(m) = 6*d(m) + 17*p(m). Let n be w(-1). Let v(t) = n + t**2 + 5*t - 2 - 2*t - 3. Give v(-5).
5
Let t(y) = -6*y**3 + 4*y**2 - y + 6. Let h(s) = s**3 + s - 1. Let o(w) = -5*h(w) - t(w). Determine o(5).
4
Suppose d = -5*g - 13, -2*g + d - 1 = -0*g. Let c(m) = -12*m + 2. What is c(g)?
26
Suppose -5*o - 1 = -11, 2*o - 25 = -3*f. Suppose -f = -4*v + 3*v. Suppose 3*u = 5*d + 22, -4*u + 5*d + 19 + v = 0. Let q(m) = -m + 5. What is q(u)?
1
Let o be (-1 + 2)*5 + -2. Suppose 0 = -3*v + 3, -4*r + 4*v = o*v - 19. Let y(t) = t**3 - 4*t**2 - 6*t + 5. Determine y(r).
0
Let d(g) = g + 1. Let u be 2/9 - (-52)/9. Let n(r) = -7*r - 10. Let c(j) = u*d(j) + n(j). Determine c(-4).
0
Let k(h) be the third derivative of -h**5/20 + h**4/24 - h**3/6 - 32*h**2. Determine k(1).
-3
Let o(k) be the first derivative of -k**2/2 - 4*k - 4. Give o(-3).
-1
Let g(w) = 2*w + 1. Suppose 5 - 11 = -v. What is g(v)?
13
Let c(h) be the third derivative of -h**4/6 + 4*h**2. Let s(a) = -7*a + 1. Let i(v) = -5*c(v) + 3*s(v). What is i(6)?
-3
Let z(s) = 12*s**2 + 3*s - 10*s**2 + 9 - s**2 - 4. Give z(-4).
9
Suppose 4*s - 5 = 3*q - s, -2*s + 2 = q. Let u(v) = -3*v**2 + v - 1. Let t(g) = 10*g**2 - 3*g + 2. Let c(m) = 2*t(m) + 7*u(m). Give c(q).
-3
Let d(m) = -2*m - 2. Let v be d(-2). Let g be v/9 - (-34)/9. Let f(t) = 3*t - 4*t**2 + t**3 - 1 - t**2 + 3. What is f(g)?
-2
Let f(a) = -a - 1. Let l be -2*(-1)/(-2) + -6. Let t = -16 - l. Let h be (-14)/6 - 3/t. Determine f(h).
1
Let f(m) = 0 + 1 + 2 + 4*m. Let v(r) = r**3 - 10*r**2 + 8*r + 12. Let q be v(9). Suppose q*g = -3*o - 0*o + 3, -o + 7 = -2*g. Calculate f(g).
-5
Let y(n) = -n**3 - 5*n**2 + n + 5. Let q(s) = 17*s**3 - s + 1. Suppose -3 + 1 = -2*u. Let g be q(u). Let z = 12 - g. Determine y(z).
0
Let l be (-5)/((-5)/2) + (2 - 8). Let f(m) = -2*m**2 - 5*m + 1. What is f(l)?
-11
Let a(c) = -c + 5. Let l(t) = -1. Let z(q) = q - 16. Let g be z(12). Let w(m) = g*l(m) - 2*a(m). Give w(5).
4
Let k be (14/21)/(2/(-3)). Let r(m) = -5*m. Determine r(k).
5
Let a be 2/(-3) - 33/(-9). Let f(z) = 0*z + 8*z + a - 7*z. What is f(3)?
6
Suppose 0 = -3*x - 7 - 5. Suppose -2*f + 5 = 3*c - 10, -4*f + 31 = 5*c. Let v(a) = 2*a - a + f + 0*a. Calculate v(x).
5
Let m(r) be the first derivative of r**4/4 + 2*r**3 + 2*r**2 + r - 2. Determine m(-5).
6
Let l(q) = -2*q**3 - 2*q**2 + 2*q + 3. Let p(s) = -s**3 - 9*s**2 - s - 1. Let y be p(-9). Suppose 5*d = o + 2*o - 4, 0 = -4*o - y. Calculate l(d).
7
Let f(u) = -u. Let t(a) = 7*a**2 - a. Let p be t(1). Let c(v) = -v + 4. Let d be c(4). Suppose d = 5*h + 1 - p. What is f(h)?
-1
Suppose -y = -5*n - 3*y - 24, -n - 14 = 5*y. Let l be ((-2)/n)/(1/4). Let b(a) = a**2 - 2*a + 1. Determine b(l).
1
Let z = -8 - -2. Suppose f = r + 3*r + 10, -f + 5*r + 12 = 0. Let a(i) = 2*i**2 - i**3 - 2*i - 8*i**f + 0 - 1 - 4. What is a(z)?
7
Let g(l) be the third derivative of -l**6/120 - l**5/30 - l**4/8 - l**3/3 + 13*l**2. Calculate g(-2).
4
Let w = -44 - -41. Let n(i) = i**2 + 2*i + 2. Give n(w).
5
Suppose 16 = 4*j, 4*m - 12 = -m + 2*j. Let g be ((-6)/(-5))/((-4)/(-10)). Let s(q) = -2 + g - 3 + q. Give s(m).
2
Let b(y) = -3 + 5*y + 0*y**2 - 5*y + y**2. Let d be b(-3). Let o(a) = -1 + 0 + d*a - 5*a. Determine o(4).
3
Let y(x) = x**2 - 4*x - 5. Let v = -4 - -6. Suppose -4*r + 9*r - 17 = -v*q, 5 = 5*q. Suppose -4*j = -2*n, 8 = r*n + n - 4*j. Determine y(n).
-5
Let f = -23 + 16. Let q(u) = u**3 + 6*u**2 - 7*u - 8. Calculate q(f).
-8
Let z(q) be the first derivative of -q**4/4 + q**3 + 5*q**2/2 - 3*q - 20. What is z(4)?
1
Let w(v) = v. Let x(a) = 8*a**2 - 6*a + 1. Let d(c) = -6*w(c) - x(c). Determine d(-1).
-9
Let b(s) be the second derivative of 4*s**3/3 - 3*s**2 + 4*s. Let x(p) = -7*p + 6. Let g(f) = 5*b(f) + 6*x(f). Give g(4).
-2
Let k = 12 - 4. Suppose 0 = -2*x + 4*x. Let s(r) = r + k - r - r + x*r. Determine s(6).
2
Suppose -g + 3 = -0*g. Let u be -1 + 0 + g/1. Let i(k) = -7*k + k + k + k**u + 2. What is i(4)?
-2
Let b(l) = -3*l**3 - 10*l**2 + 2*l + 7. Let c(f) = -8*f**3 - 29*f**2 + 7*f + 20. Let w(t) = -11*b(t) + 4*c(t). Calculate w(5).
8
Let y(w) = w**3 + 5*w**2 - 5*w + 7. Let k(l) = -l**2 - 10*l - 15. Let t be k(-9). Calculate y(t).
1
Let l(v) be the second derivative of -v**3/2 - v**2 + 9*v. Determine l(-2).
4
Let u = -120 + 115. Let l(c) = -c**3 - 5*c**2 + 4*c + 6. Give l(u).
-14
Let t(z) = z**3 + 3*z**2 - 4*z + 1. Let s be t(-4). Let r = 2 - s. Let u(o) = -o + 1. Give u(r).
0
Let f(q) = -5*q**3 - 11*q**2 + 10*q - 8. Let a(n) = 11*n**3 + 23*n**2 - 21*n + 17. Let y(h) = 6*a(h) + 13*f(h). Determine y(4).
-2
Suppose -3*d + 3 = 12. Let o(t) = -t**2 - 10*t + 11. Let m be o(-9). Let v(x) = m - 9 + 2*x - 12. Give v(d).
-7
Let o = -1 - 4. Let q be ((-6)/2)/((-12)/8). Let m(z) = z**q - z + 5*z + 0*z. Determine m(o).
5
Let i = -5 - -5. Let d(s) = 4*s**2 - 4*s + 8. Let c(p) = -5*p**2 + 5*p - 8. Let y(n) = -3*c(n) - 4*d(n). Give y(i).
-8
Let l(p) = p**3 + 7*p**2 + 5*p + 5. Let i = 65 + -71. Calculate l(i).
11
Let n(c) = c**2 - 7*c - 2. Suppose -2*d = 2*v + v - 2, d = -3*v - 2. Let o be -3*(v - 0)*1. Calculate n(o).
-8
Let k be (2/(-3))/((-1)/3). Let h(a) = a**3 + 10*a**2 + 9*a + 4. Let n be h(-9). Let w(s) = -s - 2*s**3 + 3*s + 4*s**2 - n*s + 0*s - 1. Give w(k).
-5
Let u be 16/(-10) + 2/(-5). Let o be u/(-4) - 1/(-2). Let y(a) = 143*a + 39. Let t(h) = 18*h + 5. Let n(p) = -39*t(p) + 5*y(p). Determine n(o).
13
Let h(r) = -3 + r**3 + 5*r + 0*r**3 - 6*r**2 - 7*r**3 + 7*r**3. Determine h(5).
-3
Let p(t) = 3*t - 13. Let r = 1 + 4. Let v(w) = 4*w - 19. Let o(f) = r*v(f) - 7*p(f). Calculate o(-5).
1
Let y(k) = 4*k**3 + 5*k**2 + 6*k + 6. Let a(d) = d**3 + d**2 + d + 1. Let l(g) = 6*a(g) - y(g). Give l(-1).
-1
Let k(b) = 13*b**3 - 6*b**2 + 3*b - 13. Let p(y) = 4*y**3 - 2*y**2 + y - 4. Let n(t) = -2*k(t) + 7*p(t). What is n(2)?
8
Suppose -5*s - 25 = -0*s, -5*k - 45 = s. Let m(l) = -l**2 - 10*l - 12. Let o be m(k). Let a be (-18)/8 + o/16. Let z(t) = t**2 - 2*t - 3. Calculate z(a).
5
Let n(m) = m**2 - 2*m - 1. Let j = 8 - 5. Suppose -5*v - j = -2*v. What is n(v)?
2
Let t(f) = 6*f**2 + 11*f - 12*f - f**3 + 11 - 4. Give t(6).
1
Let v(q) = q - 4. Let o be v(4). Let l(s) = s**2 - 9. What is l(o)?
-9
Let z(k) = -k**2 + k + 4. Let c(l) = l**3 + 2*l**2 - 3*l + 3. Let s be c(-3). Determine z(s).
-2
Let x(c) = 4*c. Let h(p) = -p**3 + 7*p**2 + p - 8. Let m be h(7). Determine x(m).
-4
Let v(n) = n + 10. Let i be v(-7). Suppose 0 = 8*h - i*h. Let j(b) = -b**2 + b + 1. What is j(h)?
1
Let w(v) = -2*v + 3. Let b(s) = 3*s - 4. Let k(f) = 5*b(f) + 7*w(f). Suppose 3*m = -5*i - 33, -5*m - i = -10*m - 55. Let p = m - -7. Calculate k(p).
-3
Let d(x) = x**2. Let b(y) = 2*y**2 - 6*y - 2. Suppose 5 = -5*z + 10. Let k(c) = z*b(c) - 3*d(c). Suppose 4*l + 16 = -0. Give k(l).
6
Let h be (3/6)/((-1)/(-8)). Suppose f = 3*f - h. Let k(t) = 2*t - 2*t**2 + 4 + 3*t**f - 7*t + 0*t**2. Determine k(4).
0
Let r(y) be the first derivative of -y**4/4 - y**3/3 - y**2/2 - 11*y - 5. Calculate r(0).
-11
Let b(a) = -6*a**3 - a**2 + 5*a - 19. Let l(g) = g**3 - g + 1. Let s(n) = -b(n) - 5*l(n). Determine s(0).
14
Let l be (12/18)/(4/6). Let d(s) = -9*s + 1. Give d(l).
-8
Let g be -2 - (2 + -5 + 7). Let h(m) = -5*m**3 - 5 + 4*m - 7*m**2 - 11*m + 4*m**3. Give h(g).
1
Let y(v) = -v**3 + 1. Let s(g) = g**2 + g - 4. Let p be 9*(12/(-9) - -2). Suppose 2*b = -0*b - p. Let l be s(b). Determine y(l).
-7
Let n(g) = -g**2 + g + 11. Let b be 0/(-4 + (1 - -2)). Give n(b).
11
Let g be ((-4)/2)/2 - -3. Let z be 4 + g/(6/3). Let l(i) = i**2 - 4*i + 2. Determine l(z).
7
